 common factor of k and 416.
52
Let l be ((-140)/1050)/((-2)/1290). What is the greatest common divisor of l and 43?
43
Let v(d) = -d**3 - 2*d**2 + 4*d - 2. Let p be v(-4). Let l = 5 - -9. What is the highest common divisor of p and l?
14
Let y = 67 - 3. Suppose 17*l = 13*l + y. Calculate the highest common divisor of 8 and l.
8
Let k be -2 - (-2 - -3 - 12). Suppose 3*a + 5*q - 236 = 0, 0 = 2*a - 14*q + 15*q - 148. What is the greatest common divisor of a and k?
9
Let y(f) = -f**2 + 13*f - 12. Let v be y(11). Calculate the greatest common divisor of 70 and v.
10
Let o be 0/(2 + 3 + -3). Suppose -24 = -o*a - a. Calculate the greatest common factor of a and 12.
12
Suppose -2*j = h - 6*j + 5, 3*h - 2*j = -25. Let z = h + 21. Let r = z + 2. Calculate the highest common factor of r and 14.
14
Suppose 0 = 5*f + 4*f - 36. Suppose -f*p - p = -180. Calculate the greatest common divisor of 18 and p.
18
Suppose -3*x = -6*h + 3*h - 45, h + 25 = 3*x. Let d(n) = n**3 + 10*n**2 + n + 17. Let v be d(h). What is the highest common factor of v and 14?
7
Suppose 4*i + 0*j - 168 = 2*j, -5*i + 4*j + 210 = 0. What is the greatest common factor of i and 12?
6
Suppose -3*b + p - 4*p + 12 = 0, b - 3*p = 0. Let r(y) = -y**2 - 12*y - 17. Let i be r(-7). Calculate the highest common factor of i and b.
3
Let v = -138 - -6414. Suppose 3*b = 6*b - v. Let s be (-15)/75 + b/10. What is the highest common factor of s and 19?
19
Suppose -3*w = -12, -46 = -5*b + w + 20. Calculate the greatest common factor of b and 105.
7
Let h = -424 - -672. Calculate the greatest common factor of h and 12.
4
Suppose 0 = -3*c + 67 - 4. Let u be c/5 + (-1)/5. Let r be 1 - 5*u/(-4). What is the highest common divisor of r and 15?
3
Suppose -j - 1 = -3. Suppose j*m - 54 = -5*u, u + m - 14 = -m. Suppose 0 = l + b + 3 - 68, b = -3*l + 205. Calculate the greatest common factor of l and u.
10
Let i = -154 - -226. What is the greatest common factor of i and 180?
36
Let u(y) = -69*y + 738. Let v be u(9). Calculate the greatest common divisor of 104 and v.
13
Suppose -4*h - 25*g = -28*g - 1283, -g = -h + 320. What is the greatest common factor of 119 and h?
17
Let f be (-16)/72 + (-2092)/(-18). Suppose 0 = -l + 27 + 2. Calculate the highest common factor of f and l.
29
Let f(i) be the first derivative of i**2 + 4*i + 3. Let m be f(5). Suppose 0*a + a - m = 0. Calculate the greatest common factor of a and 21.
7
Suppose -34*u + 36*u - 52 = 0. Calculate the greatest common divisor of 286 and u.
26
Let v = -369 + 1006. What is the greatest common divisor of 13 and v?
13
Let p(d) = -d**2 + 37*d - 102. Let s be p(12). What is the highest common factor of 18 and s?
18
Suppose -159 - 2781 = -35*u. Calculate the highest common factor of 28 and u.
28
Suppose 0 = 4*m - 16 - 28. Let x(p) = 19*p - 7. Let w be x(17). Suppose 4*k + 8 = 0, -4*k - w = b - 5*b. Calculate the greatest common divisor of b and m.
11
Let a(j) = 6*j**2 + 2*j + 2. Let k be a(-6). Let s be 1408/(-12) + (-2)/3. Let x = s + k. What is the highest common divisor of x and 11?
11
Let l = 7 + -3. Suppose -11 = -l*x - 3. Suppose x*w + 22 = 3*t, 4 = t - 4*w - 0. Calculate the highest common factor of t and 1.
1
Suppose -4*h + u + 37 = 0, 3*u + 29 = 3*h + u. Suppose -4*x = -35 - h. Let b = 6 - -16. Calculate the highest common divisor of x and b.
11
Suppose 2*k + 92 = h, 2*h + h = -k + 276. Let v be (-15)/30 + 0 + (-94)/(-4). Calculate the greatest common factor of v and h.
23
Suppose 7*p - 125 = -13. Calculate the greatest common divisor of 16 and p.
16
Let f = 54 - 20. Let h = f - 31. Suppose 0 = h*b + p - 707, -3*b + 4*p + 738 - 56 = 0. Calculate the highest common factor of b and 26.
26
Let i = -244 + 248. Calculate the highest common divisor of i and 92.
4
Let c be 2/3 - (-21)/9. Let p(h) = 5*h**2 + 2*h - 3. Let f be p(c). Let n(s) = 10*s + 4. Let o be n(2). What is the highest common factor of o and f?
24
Let b(a) = -11*a**3 + a**2 - 3*a + 3. Let l be b(-3). Calculate the greatest common factor of 53 and l.
53
Suppose 19*q = 20*q - 5. Suppose -f - 4*n = -3*f + 14, 35 = q*f - 3*n. What is the highest common factor of 28 and f?
7
Let m be 6624/14 - (-12)/(-84). What is the highest common factor of 77 and m?
11
Suppose 184*c - 105 = 177*c. Calculate the greatest common divisor of c and 15.
15
Suppose 884 = 4*h + 4*p - 400, -641 = -2*h - 3*p. Calculate the greatest common factor of h and 46.
46
Suppose -198 = -2*o + 2*p, 0*o + 3*p = 2*o - 203. Let g = 102 - o. Calculate the greatest common factor of 8 and g.
8
Let m = -719 + 749. Calculate the greatest common divisor of m and 690.
30
Let w = 178 - 158. What is the greatest common factor of w and 280?
20
Suppose n + 5*l - 8 = 0, 0*n + 4*l = -3*n - 9. Let u = -5 - n. Let q = -2 + 8. Calculate the greatest common divisor of u and q.
2
Suppose 5*d - 65 = -4*r, 0*d + r = 2*d - 13. Let j(n) = -n**2 - 263*n + 1349. Let w be j(5). Calculate the highest common divisor of d and w.
9
Suppose 0 = 4*r - 4*i - 52, 4*r + 4*i = r + 4. Suppose 12*b - 348 = r*b. Calculate the highest common divisor of b and 29.
29
Suppose 5*p + 5*f + 107 = 572, -f = 2. What is the highest common factor of p and 1520?
95
Let i(l) = -l**2 - 2*l. Let f be i(-2). Suppose -h + 3*m - 2*m = 16, 2*h + m + 44 = f. Let g = 55 + h. Calculate the greatest common divisor of g and 7.
7
Let z(k) = -2*k**3 + 4*k. Let c = -41 - -38. Let h be z(c). What is the highest common divisor of h and 336?
42
Let i be (-16)/(-2*(-3)/(-6)). Let n(k) = -k**2 - 18*k - 25. Let y be n(-9). What is the highest common divisor of i and y?
8
Suppose -137 = 3*t - 170. What is the greatest common divisor of 209 and t?
11
Let h(m) = m + 152. Let d be h(-12). Calculate the greatest common factor of 56 and d.
28
Let s = 1093 - 965. Calculate the highest common divisor of 288 and s.
32
Let q = -7 + 13. Let x be q/(-4) + (-705)/10. Let y = -24 - x. What is the highest common factor of 8 and y?
8
Let o(b) = 7*b - 133. Let m be o(25). Calculate the highest common factor of m and 98.
14
Suppose 2*p - 41 = 61. Let g = p - -9. What is the highest common divisor of 12 and g?
12
Suppose 2*g - 56 = -4*q, g - 5*q + 118 = 5*g. Calculate the greatest common factor of 440 and g.
8
Let f be 3*(-7)/(-4)*1344/126. Calculate the highest common factor of 136 and f.
8
Let j be 264/(-4*(-12)/32). Let a be 0 - j/(-12) - 2/3. Calculate the highest common divisor of 14 and a.
14
Let o(t) = -3*t**3 - 4*t**2 + 3. Let k be o(-3). What is the greatest common factor of k and 208?
16
Suppose -8*o + 4*o = -44. Let r(f) = f**3 - 12*f**2 + 8*f + 3. Let u be r(o). Let q be (u/7)/(5/(-35)). What is the greatest common divisor of q and 20?
10
Let f(d) = -2*d**2 + 20*d + 10. Let k be f(8). What is the greatest common factor of 49 and k?
7
Suppose -3*a + 2*t + 981 = 0, 0 = -29*a + 25*a + 4*t + 1312. Calculate the highest common divisor of a and 25.
25
Suppose -d - 2*b = b + 111, -2*b = d + 109. Let c = d - -169. Suppose o - 5*r + 3*r = c, 5*r + 325 = 5*o. Calculate the highest common divisor of o and 6.
6
Let g = 388 + -238. Let a = -42 - -48. Calculate the highest common factor of a and g.
6
Let j be (2*-1 + 6)*2. Suppose 3*u + f - 2 = 0, -u - 5*f + 27 = 3. Let v be (28/6)/u*(-1110)/259. What is the highest common divisor of j and v?
4
Suppose -3*n + 2*g = 2*n + 32690, 0 = -2*g - 10. Let c be (-10)/45 - n/27. Calculate the highest common factor of c and 22.
22
Let v be 4/3*6/1. Let i = -7 - 55. Let o = i + 78. Calculate the greatest common divisor of o and v.
8
Let f = 9 - 6. Let w = 547 + -389. Suppose 0 = -7*b + w + 10. Calculate the greatest common factor of b and f.
3
Let j be 7 + 9/(-2 - 1). Suppose j*p - 3 = 9. Suppose p*n - 7*n + 3*v + 72 = 0, 0 = 4*n + 2*v - 52. What is the greatest common divisor of 165 and n?
15
Let t = -20 + 20. Suppose t = 6*x - 4*x + 126. Let q = 113 + x. Calculate the highest common divisor of 5 and q.
5
Let r be (-467)/(0 + -1) + 4. Let w = r - 247. What is the greatest common factor of w and 28?
28
Let v(u) = u**3 - 3*u**2 - 34. Let b be v(10). Calculate the highest common factor of b and 54.
18
Let a(m) = 7*m**2 + 7*m - 6. Let w be a(3). What is the greatest common divisor of w and 26?
26
Let z be -6 - (0 - (584 + 0) - -2). What is the highest common factor of 9 and z?
9
Supp